{"id":39,"date":"2018-05-22T12:54:23","date_gmt":"2018-05-22T10:54:23","guid":{"rendered":"https:\/\/vzdelavanie.h5sms.sk\/?page_id=39"},"modified":"2018-07-26T11:23:47","modified_gmt":"2018-07-26T09:23:47","slug":"zss-ostrava","status":"publish","type":"page","link":"https:\/\/dalsievzdelavanie.eu\/?page_id=39","title":{"rendered":"Z\u00e1kladn\u00ed \u0161kola speci\u00e1ln\u00ed Ostrava"},"content":{"rendered":"<figure id=\"attachment_59\" aria-describedby=\"caption-attachment-59\" style=\"width: 287px\" class=\"wp-caption alignleft\"><img decoding=\"async\" loading=\"lazy\" class=\"wp-image-59 size-medium\" src=\"https:\/\/dalsievzdelavanie.eu\/wp-content\/uploads\/2018\/05\/Logo-\u0161koly-287x300.png\" alt=\"Logo Z\u00e1kladn\u00ed \u0161koly speci\u00e1ln\u00ed v Slezskej Ostrave\" width=\"287\" height=\"300\" srcset=\"https:\/\/dalsievzdelavanie.eu\/wp-content\/uploads\/2018\/05\/Logo-\u0161koly-287x300.png 287w, https:\/\/dalsievzdelavanie.eu\/wp-content\/uploads\/2018\/05\/Logo-\u0161koly-768x802.png 768w, https:\/\/dalsievzdelavanie.eu\/wp-content\/uploads\/2018\/05\/Logo-\u0161koly.png 776w\" sizes=\"(max-width: 287px) 100vw, 287px\" \/><figcaption id=\"caption-attachment-59\" class=\"wp-caption-text\">logo \u0161koly<\/figcaption><\/figure>\n<p><em><strong>Z\u00e1kladn\u00ed \u0161kola speci\u00e1ln\u00ed, Ostrava &#8211; Slezsk\u00e1 Ostrava, p\u0159\u00edsp\u011bvkov\u00e1 organizace<\/strong><\/em><br \/>\n<em><strong>71000 Ostrava &#8211; Slezsk\u00e1 Ostrava, T\u011b\u0161\u00ednsk\u00e1 41\/98<\/strong><\/em><\/p>\n<p style=\"text-align: justify;\">\u0160kola poskytuje z\u00e1kladn\u00ed vzd\u011bl\u00e1v\u00e1n\u00ed pro \u017e\u00e1ky se speci\u00e1ln\u00edmi vzd\u011bl\u00e1vac\u00edmi pot\u0159ebami a to pro \u017e\u00e1ky se zdravotn\u00edm posti\u017een\u00edm \u2013\u00a0<strong>soub\u011b\u017en\u00fdm posti\u017een\u00edm v\u00edce vadami<\/strong>. Vzd\u011bl\u00e1v\u00e1 \u017e\u00e1ky s ment\u00e1ln\u00edm posti\u017een\u00edm v\u00a0kombinaci s t\u011blesn\u00fdm nebo smyslov\u00fdm posti\u017een\u00edm a vadami \u0159e\u010di, tedy \u017e\u00e1ky posti\u017een\u00e9 dv\u011bma nebo v\u00edce na sob\u011b kauz\u00e1ln\u011b nez\u00e1visl\u00fdmi druhy posti\u017een\u00ed.\u00a0\u017d\u00e1ci pln\u00ed v z\u00e1kladn\u00ed \u0161kole speci\u00e1ln\u00ed dev\u00edtiletou povinnou \u0161koln\u00ed doch\u00e1zku, \u0161kolu v\u0161ak mohou nav\u0161t\u011bvovat deset let. Po ukon\u010den\u00ed povinn\u00e9 \u0161koln\u00ed doch\u00e1zky z\u00edskaj\u00ed \u017e\u00e1ci z\u00e1klady vzd\u011bl\u00e1n\u00ed. C\u00edlem v\u00fdchovn\u011b vzd\u011bl\u00e1vac\u00edho procesu je, aby \u017e\u00e1ci ve vhodn\u011b upraven\u00fdch podm\u00ednk\u00e1ch a p\u0159i odborn\u00e9 speci\u00e1ln\u011b pedagogick\u00e9 p\u00e9\u010di z\u00edskali z\u00e1kladn\u00ed v\u011bdomosti, dovednosti a n\u00e1vyky pot\u0159ebn\u00e9 k orientaci v okoln\u00edm sv\u011bt\u011b, aby dos\u00e1hli maxim\u00e1ln\u00ed mo\u017en\u00e9 m\u00edry\u00a0<strong>samostatnosti a nez\u00e1vislosti<\/strong>\u00a0na p\u00e9\u010di druh\u00fdch osob a zapojili se dle sv\u00fdch mo\u017enost\u00ed do spole\u010densk\u00e9ho \u017eivota.<\/p>\n<p style=\"text-align: justify;\">Vyu\u017e\u00edv\u00e1me tak\u00e9 prvky terapi\u00ed s n\u00e1vaznost\u00ed na v\u00fdchovn\u011b vzd\u011bl\u00e1vac\u00ed \u010dinnosti z\u00e1kladn\u00ed \u0161koly speci\u00e1ln\u00ed (muzikoterapie, aromaterapie, ergoterapie, arteterapie, terapie loutkou, rehabilitace, kraniosakr\u00e1ln\u00ed terapie)<\/p>\n<p style=\"text-align: justify;\">\u0160kola v\u00fdznamn\u011b podporuje\u00a0<strong>odpoledn\u00ed volno\u010dasov\u00e9 aktivity<\/strong>\u00a0d\u011bt\u00ed formou odpoledn\u00edch krou\u017ek\u016f, kter\u00e9 jsou alternativou k z\u00e1jmov\u00fdm \u010dinnostem denn\u011b doj\u00ed\u017ed\u011bj\u00edc\u00edm d\u011btem, d\u011btem intern\u00e1tn\u00edm a d\u011btem s na\u0159\u00edzenou \u00fastavn\u00ed v\u00fdchovou. Krou\u017eky jsou nepovinn\u00e9 a podle z\u00e1jmu se vytv\u00e1\u0159\u00ed nab\u00eddka ka\u017edoro\u010dn\u011b n\u00e1sleduj\u00edc\u00edch aktivit: sportovn\u00edch, hudebn\u011b- pohybov\u00fdch, dramatick\u00fdch, v\u00fdtvarn\u00fdch, keramick\u00fdch, d\u00edlensk\u00fdch,p\u011bstitelsk\u00fd aj.<\/p>\n<p><span style=\"text-decoration: underline;\"><a href=\"http:\/\/www.zs-tesinska.cz\" target=\"_blank\" rel=\"noopener\">Webstr\u00e1nka \u0161koly<\/a><\/span><\/p>\n","protected":false},"excerpt":{"rendered":"<p>Z\u00e1kladn\u00ed \u0161kola speci\u00e1ln\u00ed, Ostrava &#8211; Slezsk\u00e1 Ostrava, p\u0159\u00edsp\u011bvkov\u00e1 organizace 71000 Ostrava &#8211; Slezsk\u00e1 Ostrava, T\u011b\u0161\u00ednsk\u00e1 41\/98 \u0160kola poskytuje z\u00e1kladn\u00ed vzd\u011bl\u00e1v\u00e1n\u00ed pro \u017e\u00e1ky se speci\u00e1ln\u00edmi vzd\u011bl\u00e1vac\u00edmi pot\u0159ebami a to pro \u017e\u00e1ky se zdravotn\u00edm posti\u017een\u00edm \u2013\u00a0soub\u011b\u017en\u00fdm posti\u017een\u00edm v\u00edce vadami. Vzd\u011bl\u00e1v\u00e1 \u017e\u00e1ky s <span class=\"readmore\"><a href=\"https:\/\/dalsievzdelavanie.eu\/?page_id=39\">Continue Reading &#8230;<\/a><\/span><\/p>\n","protected":false},"author":1,"featured_media":0,"parent":0,"menu_order":0,"comment_status":"closed","ping_status":"closed","template":"","meta":[],"_links":{"self":[{"href":"https:\/\/dalsievzdelavanie.eu\/index.php?rest_route=\/wp\/v2\/pages\/39"}],"collection":[{"href":"https:\/\/dalsievzdelavanie.eu\/index.php?rest_route=\/wp\/v2\/pages"}],"about":[{"href":"https:\/\/dalsievzdelavanie.eu\/index.php?rest_route=\/wp\/v2\/types\/page"}],"author":[{"embeddable":true,"href":"https:\/\/dalsievzdelavanie.eu\/index.php?rest_route=\/wp\/v2\/users\/1"}],"replies":[{"embeddable":true,"href":"https:\/\/dalsievzdelavanie.eu\/index.php?rest_route=%2Fwp%2Fv2%2Fcomments&post=39"}],"version-history":[{"count":9,"href":"https:\/\/dalsievzdelavanie.eu\/index.php?rest_route=\/wp\/v2\/pages\/39\/revisions"}],"predecessor-version":[{"id":218,"href":"https:\/\/dalsievzdelavanie.eu\/index.php?rest_route=\/wp\/v2\/pages\/39\/revisions\/218"}],"wp:attachment":[{"href":"https:\/\/dalsievzdelavanie.eu\/index.php?rest_route=%2Fwp%2Fv2%2Fmedia&parent=39"}],"curies":[{"name":"wp","href":"https:\/\/api.w.org\/{rel}","templated":true}]}}